1276?
False
Does 5 divide 892?
False
Is 1140 a multiple of 13?
False
Does 64 divide 8128?
True
Is 26 a factor of 182?
True
Is 2738 a multiple of 37?
True
Is 322 a multiple of 3?
False
Is 13 a factor of 200?
False
Does 20 divide 60?
True
Is 3 a factor of 30?
True
Is 12 a factor of 348?
True
Is 8092 a multiple of 2?
True
Is 17 a factor of 17595?
True
Does 29 divide 10063?
True
Is 42 a factor of 7224?
True
Does 6 divide 1268?
False
Is 83 a factor of 34777?
True
Does 68 divide 22331?
False
Does 10 divide 1419?
False
Is 33426 a multiple of 28?
False
Does 8 divide 2909?
False
Does 3 divide 61?
False
Is 72 a factor of 1944?
True
Does 13 divide 1049?
False
Does 9 divide 3856?
False
Does 4 divide 12568?
True
Is 15 a factor of 10500?
True
Is 2295 a multiple of 51?
True
Is 53 a multiple of 7?
False
Is 3 a factor of 37097?
False
Does 2 divide 1008?
True
Is 9 a factor of 10152?
True
Is 1539 a multiple of 19?
True
Is 44 a factor of 4532?
True
Does 14 divide 9095?
False
Is 16 a factor of 166?
False
Is 41 a multiple of 11?
False
Is 22 a factor of 352?
True
Is 83 a factor of 51543?
True
Is 141685 a multiple of 509?
False
Is 8800 a multiple of 40?
True
Does 12 divide 3144?
True
Is 74 a factor of 33078?
True
Does 32 divide 548?
False
Is 1659 a multiple of 21?
True
Is 34427 a multiple of 19?
False
Is 13 a factor of 45674?
False
Does 60 divide 893?
False
Is 175 a multiple of 4?
False
Is 7 a factor of 2261?
True
Does 55 divide 4775?
False
Is 81 a factor of 1134?
True
Is 1978 a multiple of 20?
False
Is 4408 a multiple of 19?
True
Is 3564 a multiple of 27?
True
Is 1314 a multiple of 36?
False
Does 18 divide 111186?
True
Is 13 a factor of 14141?
False
Is 220 a factor of 8099?
False
Is 324 even?
True
Is 14 a factor of 1008?
True
Does 22 divide 4994?
True
Does 47 divide 47?
True
Is 14454 a multiple of 15?
False
Is 13 a factor of 2834?
True
Is 21 a factor of 10734?
False
Does 9 divide 1098?
True
Is 1385 a multiple of 28?
False
Is 28177 a multiple of 30?
False
Does 13 divide 64012?
True
Is 9269 a multiple of 34?
False
Does 75 divide 1638?
False
Is 9 a factor of 1005?
False
Is 93 a factor of 48480?
False
Does 19 divide 1587?
False
Is 91393 a multiple of 67?
False
Is 51 a factor of 1037?
False
Is 5 a factor of 7265?
True
Is 450 a multiple of 19?
False
Is 2070 a multiple of 9?
True
Is 4662 a multiple of 74?
True
Is 6578 a multiple of 14?
False
Is 1116 a multiple of 12?
True
Is 1234 a multiple of 80?
False
Does 11 divide 759?
True
Does 42 divide 1227?
False
Does 13 divide 6679?
False
Is 12 a factor of 3732?
True
Does 129 divide 4515?
True
Does 32 divide 630?
False
Is 10 a factor of 100?
True
Is 3435 a multiple of 15?
True
Does 16 divide 47608?
False
Is 47 a factor of 12972?
True
Is 293 a multiple of 45?
False
Is 1145 a multiple of 3?
False
Is 14 a factor of 1162?
True
Is 25 a factor of 200?
True
Is 6 a factor of 21663?
False
Is 80 a multiple of 40?
True
Does 55 divide 111974?
False
Does 15 divide 495?
True
Is 10 a factor of 260?
True
Is 14 a factor of 77?
False
Is 1188 a multiple of 44?
True
Is 3135 a multiple of 5?
True
Is 162 a factor of 5508?
True
Does 48 divide 1933?
False
Does 13 divide 492?
False
Is 19 a factor of 2470?
True
Does 5 divide 2026?
False
Is 129116 a multiple of 487?
False
Does 13 divide 78?
True
Does 60 divide 15012?
False
Is 37 a factor of 3441?
True
Is 195 a multiple of 13?
True
Is 402 a multiple of 57?
False
Is 23 a factor of 8395?
True
Is 182 a factor of 35631?
False
Is 43974 a multiple of 195?
False
Does 25 divide 450?
True
Does 7 divide 1397?
False
Is 12 a factor of 1608?
True
Is 118 a factor of 4248?
True
Is 18289 a multiple of 27?
False
Is 424 a multiple of 8?
True
Is 27270 a multiple of 15?
True
Is 9241 a multiple of 9?
False
Does 66 divide 528?
True
Is 4 a factor of 92?
True
Does 65 divide 1430?
True
Is 59 a factor of 1534?
True
Is 39 a factor of 1084?
False
Is 21320 a multiple of 40?
True
Is 156 a multiple of 78?
True
Is 187 a factor of 14586?
True
Is 8 a factor of 217?
False
Is 7836 a multiple of 3?
True
Is 1491 a multiple of 7?
True
Is 6 a factor of 4420?
False
Is 9794 a multiple of 166?
True
Is 56 a multiple of 7?
True
Is 26 a factor of 624?
True
Is 5670 a multiple of 126?
True
Does 20 divide 1556?
False
Is 33 a factor of 110188?
False
Is 649 a multiple of 59?
True
Is 488 a multiple of 55?
False
Is 11 a factor of 45?
False
Does 9 divide 4581?
True
Is 122955 a multiple of 105?
True
Is 51 a factor of 255?
True
Does 8 divide 80?
True
Does 39 divide 780?
True
Is 44 a factor of 176?
True
Is 1792 a multiple of 11?
False
Is 59 a multiple of 3?
False
Is 559 a multiple of 13?
True
Is 6 a factor of 1404?
True
Is 5795 a multiple of 95?
True
Is 47 a multiple of 2?
False
Does 36 divide 425?
False
Is 58 a factor of 6224?
False
Is 26 a factor of 5021?
False
Does 70 divide 144?
False
Does 51 divide 29455?
False
Does 3 divide 2652?
True
Does 55 divide 726?
False
Is 199 a factor of 31044?
True
Is 9 a factor of 909?
True
Does 17 divide 34?
True
Does 5 divide 425?
True
Does 33 divide 3432?
True
Does 102 divide 46906?
False
Is 1512 a multiple of 21?
True
Is 2 a factor of 202?
True
Is 64 a factor of 9088?
True
Is 33 a factor of 1386?
True
Is 348 a multiple of 12?
True
Is 37 a factor of 144?
False
Is 15 a factor of 6472?
False
Is 26 a factor of 1092?
True
Is 8 a factor of 1928?
True
Does 6 divide 238?
False
Does 40 divide 1487?
False
Is 251 a factor of 28437?
False
Is 91 a factor of 19201?
True
Is 100048 a multiple of 338?
True
Is 213 a multiple of 2?
False
Is 483 a multiple of 69?
True
Is 106 a multiple of 9?
False
Does 7 divide 126?
True
Does 9 divide 152?
False
Does 110 divide 6160?
True
Is 879 a multiple of 55?
False
Is 2887 a multiple of 12?
False
Is 9858 a multiple of 106?
True
Is 9 a factor of 925?
False
Is 21736 a multiple of 38?
True
Does 91 divide 7553?
True
Is 119 a factor of 39865?
True
Is 406 a multiple of 69?
False
Does 11 divide 3291?
False
Is 5182 a multiple of 15?
False
Is 55 a factor of 24922?
False
Does 9 divide 963?
True
Is 1664 a multiple of 208?
True
Is 112 a multiple of 4?
True
Is 44 a factor of 352?
True
Is 2225 a multiple of 27?
False
Is 1946 a multiple of 105?
False
Does 10 divide 322?
False
Does 40 divide 4680?
True
Is 26398 a multiple of 67?
True
Is 41 a factor of 85?
False
Does 63 divide 2079?
True
Is 2520 a multiple of 15?
True
Is 8 a factor of 8?
True
Is 26 a factor of 78?
True
Does 168 divide 26544?
True
Is 15 a factor of 1080?
True
Does 55 divide 5275?
False
Is 41401 a multiple of 155?
False
Does 31 divide 1929?
False
Is 648 a multiple of 27?
True
Is 3 a factor of 310?
False
Is 10 a factor of 1000?
True
Is 52595 a multiple of 237?
False
Is 128 a factor of 1792?
True
Is 2635 a multiple of 31?
True
Is 12 a factor of 12132?
True
Is 1012 a multiple of 99?
False
Is 1038 a multiple of 6?
True
Is 4734 a multiple of 11?
False
Does 35 divide 31152?
False
Is 11 a factor of 3672?
False
Does 9 divide 7249?
False
Is 30912 a multiple of 84?
True
Does 96 divide 8733?
False
Is 31200 a multiple of 26?
True
Does 6 divide 183?
False
Is 54 a factor of 216?
True
Is 387 a multiple of 43?
True
Is 31 a factor of 403?
True
Does 128 divide 45952?
True
Is 25360 a multiple of 8?
True
Is 46 a factor of 1870?
False
Does 18 divide 1373?
False
Is 87 a factor of 635?
False
Is 56 a factor of 11592?
True
Is 74 a factor of 15939?
False
Is 100447 a multiple of 297?
False
Does 59 divide 354?
True
Does 29 divide 65206?
False
Is 104 a factor of 27560?
True
Does 8 divide 3008?
True
Is 14 a factor of 27860?
True
Is 5771 a multiple of 17?
False
Does 36 divide 2907?
False
Is 58 a factor of 3190?
True
Does 16 divide 960?
True
Does 15 divide 16802?
False
Is 7 a factor of 2752?
False
Is 17596 a multiple of 36?
False
Is 22550 a multiple of 275?
True
Is 5 a factor of 6950?
True
Does 4 divide 5782?
False
Does 145 divide 48301?
False
Is 99 a factor of 13266?
True
Does 29 divide 530?
False
Does 61 divide 43859?
True
Does 10 divide 290?
True
Is 33 a factor of 995?
False
Is 78921 a multiple of 22?
False
Is 18 a factor of 1296?
True
Is 7 a factor of 952?
True
Does 26 divide 10891?
False
Is 7 a factor of 301?
True
Is 3230 a multiple of 17?
True
Is 29 a multiple of 2?
False
Is 3 a factor of 279?
True
Does 135 divide 32805?
True
Is 12 a factor of 23700?
True
Does 32 divide 385?
False
D